{"id":963,"date":"2023-11-04T13:56:15","date_gmt":"2023-11-04T13:56:15","guid":{"rendered":"https:\/\/rcvillalbes.es\/tienda\/?page_id=963"},"modified":"2023-11-04T14:17:54","modified_gmt":"2023-11-04T14:17:54","slug":"area-de-socios","status":"publish","type":"page","link":"https:\/\/rcvillalbes.es\/tienda\/area-de-socios\/","title":{"rendered":"Area de Socios"},"content":{"rendered":"<div class=\"rsc_message\"><section class=\"brxe-section\"><div id=\"brxe-ywagcg\" class=\"brxe-container brx-grid\"><div id=\"brxe-yvpzpy\" class=\"brxe-block\"><h3 class=\"brxe-heading\">Iniciar Sesi\u00f3n<\/h3><div class=\"brxe-shortcode\"><form id=\"brxe-bivvlj\" class=\"brxe-woocommerce-account-form-login woocommerce-form woocommerce-form-login login\" method=\"post\">\n\t\t<div class=\"form-group username\">\n\t\t\t<label for=\"username\">Nombre de usuario o correo electr\u00f3nico <span class=\"required\">*<\/span><\/label><input type=\"text\" class=\"woocommerce-Input woocommerce-Input--text input-text\" name=\"username\" id=\"username\" autocomplete=\"username\" spellcheck=\"false\" value=\"\" required aria-required=\"true\" \/>\t\t<\/div>\n\n\t\t<div class=\"form-group password\">\n\t\t\t<label for=\"password\">Contrase\u00f1a <span class=\"required\">*<\/span><\/label><input class=\"woocommerce-Input woocommerce-Input--text input-text\" type=\"password\" name=\"password\" id=\"password\" autocomplete=\"current-password\" required aria-required=\"true\" \/>\t\t<\/div>\n\n\t\t\n\t\t\t\t<div class=\"form-group remember\">\n\t\t\t<label class=\"woocommerce-form__label woocommerce-form__label-for-checkbox woocommerce-form-login__rememberme\">\n\t\t\t\t<input class=\"woocommerce-form__input woocommerce-form__input-checkbox\" name=\"rememberme\" type=\"checkbox\" id=\"rememberme\" value=\"forever\" \/> <span>Recu\u00e9rdame<\/span>\n\t\t\t<\/label>\n\t\t<\/div>\n\t\t\n\t\t<div class=\"form-group submit\">\n\t\t\t<input type=\"hidden\" id=\"woocommerce-login-nonce\" name=\"woocommerce-login-nonce\" value=\"f290f27818\" \/><input type=\"hidden\" name=\"_wp_http_referer\" value=\"\/tienda\/wp-json\/wp\/v2\/pages\/963\" \/>\n\t\t\t<button type=\"submit\" class=\"woocommerce-button button woocommerce-form-login__submit\" name=\"login\" value=\"Acceso\">\n\t\t\t\tAcceso\t\t\t<\/button>\n\t\t<\/div>\n\n\t\t\t\t<div class=\"woocommerce-LostPassword lost_password\">\n\t\t\t<a href=\"https:\/\/rcvillalbes.es\/tienda\/mi-cuenta\/lost-password\/\">\u00bfOlvidaste la contrase\u00f1a?<\/a>\n\t\t<\/div>\n\t\t\n\t\t<\/form><\/div><\/div><div id=\"brxe-eiiiig\" class=\"brxe-block brx-grid\"><img loading=\"lazy\" decoding=\"async\" width=\"600\" height=\"600\" src=\"https:\/\/rcvillalbes.es\/tienda\/archivos\/imagenes\/Carnet_Socio_Racing_Villalbes.png\" class=\"brxe-image css-filter size-full\" alt=\"\" srcset=\"https:\/\/rcvillalbes.es\/tienda\/archivos\/imagenes\/Carnet_Socio_Racing_Villalbes.png 600w, https:\/\/rcvillalbes.es\/tienda\/archivos\/imagenes\/Carnet_Socio_Racing_Villalbes-300x300.png 300w, https:\/\/rcvillalbes.es\/tienda\/archivos\/imagenes\/Carnet_Socio_Racing_Villalbes-100x100.png 100w\" sizes=\"auto, (max-width: 600px) 100vw, 600px\" \/><div id=\"brxe-visylg\" class=\"brxe-block\"><h2 class=\"brxe-heading\">\u00bfQuieres ser socio del Racing Club Villalbes?<\/h2><h3 class=\"brxe-heading\">Compra tu carnet ahora y accede a a nuestra \u00e1rea de socios exclusiva<\/h3><a id=\"brxe-izljlc\" class=\"brxe-button bricks-button bricks-background-primary\" href=\"https:\/\/rcvillalbes.es\/tienda\/producto\/carnet-de-socio\/\">Comprar ahora<\/a><\/div><\/div><\/div><\/section><\/div>","protected":false},"excerpt":{"rendered":"<p>Iniciar Sesi\u00f3n Nombre de usuario o correo electr\u00f3nico * Contrase\u00f1a * Recu\u00e9rdame Acceso \u00bfOlvidaste la contrase\u00f1a? \u00bfQuieres ser socio del Racing Club Villalbes?Compra tu carnet ahora y accede a a nuestra \u00e1rea de socios exclusivaComprar ahora<\/p>\n","protected":false},"author":1,"featured_media":0,"parent":0,"menu_order":0,"comment_status":"closed","ping_status":"closed","template":"","meta":{"footnotes":""},"class_list":["post-963","page","type-page","status-publish","hentry"],"_links":{"self":[{"href":"https:\/\/rcvillalbes.es\/tienda\/wp-json\/wp\/v2\/pages\/963","targetHints":{"allow":["GET"]}}],"collection":[{"href":"https:\/\/rcvillalbes.es\/tienda\/wp-json\/wp\/v2\/pages"}],"about":[{"href":"https:\/\/rcvillalbes.es\/tienda\/wp-json\/wp\/v2\/types\/page"}],"author":[{"embeddable":true,"href":"https:\/\/rcvillalbes.es\/tienda\/wp-json\/wp\/v2\/users\/1"}],"replies":[{"embeddable":true,"href":"https:\/\/rcvillalbes.es\/tienda\/wp-json\/wp\/v2\/comments?post=963"}],"version-history":[{"count":3,"href":"https:\/\/rcvillalbes.es\/tienda\/wp-json\/wp\/v2\/pages\/963\/revisions"}],"predecessor-version":[{"id":982,"href":"https:\/\/rcvillalbes.es\/tienda\/wp-json\/wp\/v2\/pages\/963\/revisions\/982"}],"wp:attachment":[{"href":"https:\/\/rcvillalbes.es\/tienda\/wp-json\/wp\/v2\/media?parent=963"}],"curies":[{"name":"wp","href":"https:\/\/api.w.org\/{rel}","templated":true}]}}